is divided by 864.
194
Calculate the remainder when 2423483 is divided by 13.
10
What is the remainder when 7445 is divided by 1655?
825
Calculate the remainder when 6258 is divided by 67.
27
Calculate the remainder when 25423 is divided by 257.
237
Calculate the remainder when 401329 is divided by 134.
133
Calculate the remainder when 17114 is divided by 2.
0
What is the remainder when 193540 is divided by 94?
88
What is the remainder when 1921 is divided by 1320?
601
What is the remainder when 62754 is divided by 7?
6
What is the remainder when 175460 is divided by 151?
149
What is the remainder when 13892 is divided by 13838?
54
What is the remainder when 158250 is divided by 1163?
82
Calculate the remainder when 8591 is divided by 2400.
1391
What is the remainder when 2467 is divided by 93?
49
What is the remainder when 101756 is divided by 160?
156
What is the remainder when 1892 is divided by 113?
84
What is the remainder when 8601 is divided by 2693?
522
What is the remainder when 2221 is divided by 154?
65
What is the remainder when 3976 is divided by 446?
408
Calculate the remainder when 10459 is divided by 385.
64
Calculate the remainder when 25058 is divided by 40.
18
Calculate the remainder when 7300 is divided by 1196.
124
Calculate the remainder when 2919 is divided by 402.
105
What is the remainder when 10319 is divided by 3434?
17
What is the remainder when 146383 is divided by 851?
11
Calculate the remainder when 11870597 is divided by 1073.
1071
Calculate the remainder when 18050955 is divided by 139.
137
Calculate the remainder when 1063 is divided by 66.
7
Calculate the remainder when 25819 is divided by 538.
533
Calculate the remainder when 3001 is divided by 376.
369
Calculate the remainder when 74923 is divided by 431.
360
Calculate the remainder when 28135 is divided by 14042.
51
Calculate the remainder when 82652 is divided by 144.
140
Calculate the remainder when 1347970 is divided by 649.
646
What is the remainder when 666334 is divided by 12?
10
What is the remainder when 3030 is divided by 606?
0
What is the remainder when 3281 is divided by 251?
18
Calculate the remainder when 27630 is divided by 19.
4
What is the remainder when 4298 is divided by 100?
98
Calculate the remainder when 6390 is divided by 757.
334
Calculate the remainder when 196307 is divided by 586.
583
Calculate the remainder when 19295 is divided by 101.
4
Calculate the remainder when 2691 is divided by 535.
16
Calculate the remainder when 292 is divided by 148.
144
Calculate the remainder when 1908 is divided by 469.
32
What is the remainder when 29827 is divided by 765?
757
Calculate the remainder when 42568 is divided by 160.
8
Calculate the remainder when 638 is divided by 361.
277
Calculate the remainder when 20145 is divided by 50.
45
Calculate the remainder when 98490 is divided by 9.
3
Calculate the remainder when 245523 is divided by 22319.
14
Calculate the remainder when 250117 is divided by 13163.
20
Calculate the remainder when 8509 is divided by 709.
1
Calculate the remainder when 14398 is divided by 216.
142
Calculate the remainder when 103631 is divided by 21.
17
Calculate the remainder when 5046 is divided by 144.
6
What is the remainder when 1353541 is divided by 58?
53
Calculate the remainder when 40399 is divided by 297.
7
Calculate the remainder when 1348 is divided by 188.
32
What is the remainder when 2540514 is divided by 1276?
1274
What is the remainder when 3794 is divided by 1897?
0
What is the remainder when 78011 is divided by 36?
35
Calculate the remainder when 781787 is divided by 79.
3
What is the remainder when 110213 is divided by 27?
26
What is the remainder when 4493 is divided by 99?
38
What is the remainder when 262616 is divided by 777?
767
Calculate the remainder when 149646 is divided by 6.
0
Calculate the remainder when 2694 is divided by 896.
6
Calculate the remainder when 1135445 is divided by 17.
15
Calculate the remainder when 5906 is divided by 5406.
500
Calculate the remainder when 10291 is divided by 264.
259
What is the remainder when 25298 is divided by 189?
161
Calculate the remainder when 6191 is divided by 1471.
307
Calculate the remainder when 7320 is divided by 561.
27
Calculate the remainder when 6433 is divided by 87.
82
What is the remainder when 43579 is divided by 8?
3
Calculate the remainder when 39775 is divided by 125.
25
Calculate the remainder when 22503 is divided by 961.
400
What is the remainder when 7450 is divided by 108?
106
Calculate the remainder when 5180 is divided by 61.
56
Calculate the remainder when 551553 is divided by 7.
2
Calculate the remainder when 759 is divided by 403.
356
What is the remainder when 4998 is divided by 2469?
60
What is the remainder when 4008 is divided by 1987?
34
What is the remainder when 61598 is divided by 20?
18
Calculate the remainder when 3411 is divided by 219.
126
What is the remainder when 3775 is divided by 76?
51
Calculate the remainder when 19298 is divided by 176.
114
What is the remainder when 3638 is divided by 604?
14
Calculate the remainder when 33376 is divided by 309.
4
What is the remainder when 32483 is divided by 37?
34
Calculate the remainder when 18762 is divided by 148.
114
What is the remainder when 23663 is divided by 21?
17
Calculate the remainder when 59007 is divided by 4917.
3
What is the remainder when 975 is divided by 781?
194
What is the remainder when 9016 is divided by 1286?
14
Calculate the remainder when 10192 is divided by 1881.
787
What is the remainder when 91437 is divided by 10?
7
What is the remainder when 1045847 is divided by 25?
22
What is the remainder when 41002 is divided by 40993?
9
Calculate the remainder when 38761 is divided by 187.
52
What is the remainder when 4595 is divided by 100?
95
What is the remainder when 64860 is divided by 30?
0
What is the remainder when 10469 is divided by 1306?
21
What is the remainder when 77359 is divided by 38674?
11
What is the remainder when 69271 is divided by 9?
7
What is the remainder when 6822 is divided by 454?
12
Calculate the remainder when 1516 is divided by 14.
4
What is the remainder when 91050 is divided by 40?
10
What is the remainder when 3864 is divided by 90?
84
Calculate the remainder when 44093 is divided by 1422.
11
What is the remainder when 113467 is divided by 4?
3
Calculate the remainder when 121857 is divided by 60.
57
What is the remainder when 364 is divided by 30?
4
Calculate the remainder when 20821 is divided by 2602.
5
Calculate the remainder when 15914 is divided by 43.
4
Calculate the remainder when 18831 is divided by 438.
435
What is the remainder when 4531594 is divided by 1978?
1974
Calculate the remainder when 73389 is divided by 384.
45
What is the remainder when 5161 is divided by 45?
31
Calculate the remainder when 1102424 is divided by 339.
335
What is the remainder when 602443 is divided by 7?
2
Calculate the remainder when 386067 is divided by 170.
167
What is the remainder when 340 is divided by 30?
10
Calculate the remainder when 2820 is divided by 713.
681
Calculate the remainder when 47588 is divided by 34.
22
Calculate the remainder when 5393 is divided by 44.
25
What is the remainder when 24363 is divided by 180?
63
What is the remainder when 2443 is divided by 17?
12
What is the remainder when 32374 is divided by 69?
13
What is the remainder when 14093 is divided by 23?
17
Calculate the remainder when 97594 is divided by 109.
39
Calculate the remainder when 82377 is divided by 30.
27
What is the remainder when 8963 is divided by 224?
3
What is the remainder when 41696 is divided by 278?
274
Calculate the remainder when 560522 is divided by 280230.
62
What is the remainder when 888 is divided by 513?
375
What is the remainder when 21692 is divided by 1668?
8
What is the remainder when 265274 is divided by 114?
110
Calculate the remainder when 21888 is divided by 11.
9
What is the remainder when 223910 is divided by 360?
350
What is the remainder when 5561 is divided by 1390?
1
What is the remainder when 1080 is divided by 10?
0
Calculate the remainder when 8812 is divided by 152.
148
What is the remainder when 541 is divided by 208?
125
Calculate the remainder when 133877 is divided by 1263.
1262
What 